{"id":4168,"date":"2013-09-12T14:24:54","date_gmt":"2013-09-12T14:24:54","guid":{"rendered":"http:\/\/www.psicosedna.com\/?page_id=4168"},"modified":"2022-01-24T17:21:06","modified_gmt":"2022-01-24T17:21:06","slug":"psicopedagogia","status":"publish","type":"page","link":"http:\/\/www.psicosedna.com\/cat\/psicopedagogia\/","title":{"rendered":"Psicopedagogia"},"content":{"rendered":"<div class=\"spacer\" style=\"height:40px\"><\/div>\n<h1><span style=\"color: #6cb5cb;\">Psicopedagogia<\/span><\/h1>\n<div class=\"spacer\" style=\"height:40px\"><\/div>\n<div class=\"heading-wrapper\"><h6><span class=\"heading-line-left\"><\/span><strong>Dificultats de Lectoescritura<\/strong><span class=\"heading-line-right\"><\/span><\/h6><\/div>\n<p>Una part molt important en el desenvolupament dels nens \u00e9s l\u2019adequat aprenentatge de la lectoescriptura. A vegades, sorgeixen dificultats per consolidar-la i per desenvolupar unes habilitats competents en l\u2019\u00e0mbit acad\u00e8mic. En el nostre centre es tracten aquestes dificultats tenint en compte cada cas i el grau de dificultat de cada persona.<br \/>\nDesde Psicosedna treballem:<\/p>\n<p><em><strong>Retard<\/strong><\/em> en l&#8217;aprenentatge de la lectoescriptura<\/p>\n<p>Alguns nens presenten dificultats en l&#8217;aprenentatge de la lectura i l&#8217;escriptura. El desenvolupament d&#8217;aquestes \u00e0rees \u00e9s lent i est\u00e0 per sota de l&#8217;esperat per a la seva edat cronol\u00f2gica.<\/p>\n<p><em><strong>Disl\u00e8xia<\/strong><\/em><br \/>\nQuan les dificultats per llegir i escriure s\u00f3n molt acusades i es mantenen en el temps, despr\u00e9s dels 9 anys, parlem de Disl\u00e8xia.<br \/>\nPerqu\u00e8 es doni aquest trastorn lectoescritor ha d&#8217;haver-hi abs\u00e8ncia de problemes f\u00edsics, sensorials, cognitius i emocionals.<\/p>\n<p><em><strong>Disortografia<\/strong><\/em><br \/>\nConsisteix en un trastorn espec\u00edfic de l&#8217;escriptura que es manifesta com un d\u00e8ficit en l&#8217;ortografia de la paraula.<\/p>\n<p><em><strong>Disgrafia<\/strong><\/em><br \/>\nConsisteix en un trastorn espec\u00edfic de l&#8217;escriptura que afecta a la forma i al contingut de les paraules.<\/p>\n<p><em><strong>Discalculia<\/strong><\/em><br \/>\nTrastorn que es caracteritza per la dificultat de comprendre l&#8217;aritm\u00e8tica.<br \/>\n<div class=\"spacer\" style=\"height:20px\"><\/div>\n<div class=\"heading-wrapper\"><h6><span class=\"heading-line-left\"><\/span><strong>T\u00e8cniques d&#8217;estudi<\/strong><span class=\"heading-line-right\"><\/span><\/h6><\/div>\nHi ha persones que tenen una bona capacitat intel\u2022lectual, per\u00f2 no saben o tenen dificultats per treure el m\u00e0xim profit a les seves capacitats o per mantenir uns h\u00e0bits d\u2019estudi adequats per aconseguir un major rendiment acad\u00e8mic.<br \/>\nAmb les t\u00e8cniques d\u2019estudi potenciem precisament aix\u00f2, ensenyar-los a millorar les seves capacitats i que aprenguin a estudiar de la manera m\u00e9s f\u00e0cil i amena possible, de manera que els temes acad\u00e8mics resultin motivadors i atractius.<\/p>\n<div class=\"spacer\" style=\"height:40px\"><\/div>\n<div class=\"column column-1-3\">\n<div class=\"su-note\" style=\"background-color:#7bbcd0;border:1px solid #5691a2\"><div class=\"su-note-shell\" style=\"border:1px solid #b6dae5; color:#2b4851\"> <a href=\"http:\/\/www.psicosedna.com\/cat\/contacts\/\"><strong><span style=\"color: #ffffff;\">Contacta amb Psicosedna<\/span> <\/strong><\/a><\/div><\/div>\n<\/div>\n<div class=\"column column-1-3 column-last\">\n<\/div><div class=\"clear\"><\/div>\n","protected":false},"excerpt":{"rendered":"<p>Psicopedagogia Una part molt important en el desenvolupament dels nens \u00e9s l\u2019adequat aprenentatge de la lectoescriptura. A vegades, sorgeixen dificultats per consolidar-la i per desenvolupar unes habilitats competents en l\u2019\u00e0mbit acad\u00e8mic. En el nostre centre es tracten aquestes dificultats tenint en compte cada cas i el grau de dificultat de cada persona. Desde Psicosedna treballem: [&hellip;]<\/p>\n","protected":false},"author":1,"featured_media":0,"parent":0,"menu_order":0,"comment_status":"open","ping_status":"open","template":"page-left-sidebar.php","meta":[],"_links":{"self":[{"href":"http:\/\/www.psicosedna.com\/cat\/wp-json\/wp\/v2\/pages\/4168"}],"collection":[{"href":"http:\/\/www.psicosedna.com\/cat\/wp-json\/wp\/v2\/pages"}],"about":[{"href":"http:\/\/www.psicosedna.com\/cat\/wp-json\/wp\/v2\/types\/page"}],"author":[{"embeddable":true,"href":"http:\/\/www.psicosedna.com\/cat\/wp-json\/wp\/v2\/users\/1"}],"replies":[{"embeddable":true,"href":"http:\/\/www.psicosedna.com\/cat\/wp-json\/wp\/v2\/comments?post=4168"}],"version-history":[{"count":9,"href":"http:\/\/www.psicosedna.com\/cat\/wp-json\/wp\/v2\/pages\/4168\/revisions"}],"predecessor-version":[{"id":5663,"href":"http:\/\/www.psicosedna.com\/cat\/wp-json\/wp\/v2\/pages\/4168\/revisions\/5663"}],"wp:attachment":[{"href":"http:\/\/www.psicosedna.com\/cat\/wp-json\/wp\/v2\/media?parent=4168"}],"curies":[{"name":"wp","href":"https:\/\/api.w.org\/{rel}","templated":true}]}}