{"id":5228,"date":"2017-09-08T09:17:51","date_gmt":"2017-09-08T09:17:51","guid":{"rendered":"http:\/\/www.psicosedna.com\/cat\/?page_id=5228"},"modified":"2022-01-24T17:02:54","modified_gmt":"2022-01-24T17:02:54","slug":"skype","status":"publish","type":"page","link":"http:\/\/www.psicosedna.com\/cat\/skype\/","title":{"rendered":"SKYPE"},"content":{"rendered":"<div class=\"spacer\" style=\"height:20px\"><\/div>\n<h1><span style=\"color: #6cb5cb;\">Ter\u00e0pia on-line<\/span><\/h1>\n<div class=\"spacer\" style=\"height:20px\"><\/div>\n<p>A Psicosedna&nbsp;tenim molt en compte que de vegades als nostres\/as usuaris\/as els \u00e9s complicat despla\u00e7ar-se per poder dur a terme les sessions de ter\u00e0pia desitjades.<\/p>\n<p>Per aix\u00f2 oferim als nostres\/as usuaris\/as i tamb\u00e9 a altres\/as professionals diferents opcions:<\/p>\n<div class=\"su-spoiler su-spoiler-style-1\"><div class=\"su-spoiler-title\"><i class=\"moon-arrow-right-2 spoiler-button\"><\/i><i class=\"moon-arrow-down spoiler-button spoiler-active\"><\/i><b>Ter\u00e0pia mitjan\u00e7ant&nbsp;de skype<\/b><\/div><div class=\"su-spoiler-content\">\n<p>La ter\u00e0pia individual es realitzar\u00e0 a trav\u00e9s de sessions d&#8217;una hora de durada amb la periodicitat pactada amb el professional.<\/p>\n<p>Es recomana fer alguna sessi\u00f3 presencial durant la ter\u00e0pia en el cas d&#8217;existir la possibilitat.<\/p>\n<p>El pagament de cada sessi\u00f3 es far\u00e0 amb un m\u00ednim de 12 hores d&#8217;antelaci\u00f3 mitjan\u00e7ant&nbsp;de&nbsp;PayPal.<\/p>\n<\/div><\/div>\n<div class=\"su-spoiler su-spoiler-style-1\"><div class=\"su-spoiler-title\"><i class=\"moon-arrow-right-2 spoiler-button\"><\/i><i class=\"moon-arrow-down spoiler-button spoiler-active\"><\/i><b>Packs de sessions<\/b><\/div><div class=\"su-spoiler-content\">\n<p>Estos Packs tienen como objetivo trabajar aspectos concretos. Estos son los que Psicosedna propone:<\/p>\n<p>1. Autoconeixement i creixement personal (6 sessions)<\/p>\n<p>2. Aprendre a dir NO (4 sessions)<\/p>\n<p>3. Canviar rutines (6 sessions)<\/p>\n<p>4. Superar una ruptura (6 sessions)<\/p>\n<p>5. Aprendre a relaxar-se (4 sessions)<\/p>\n<p>6.&nbsp;Coaching&nbsp;per a un estil de vida saludable (6 sessions)<\/p>\n<p>7. Reduir l&#8217;estr\u00e8s laboral (6 sessions)<\/p>\n<p>8. Eines per a parelles (5 sessions)<\/p>\n<p>9. Viure la meva maternitat (6 sessions)<\/p>\n<p>10. Processos de reproducci\u00f3 assistida, problemes de concepci\u00f3 (6 sessions)<\/p>\n<p>11. Gaudir d&#8217;una relaci\u00f3 sana. L&#8217;amor no dol. (5 sessions)<\/p>\n<p>12. Acompanyament al proc\u00e9s de duel. (6 sessions)<\/p>\n<p>13. Ajudar al cuidador. (6 sessions)<\/p>\n<p>14. Conviure amb el dolor. (6 sessions)<\/p>\n<p>15. Emocions saludables en la malaltia.&nbsp;PRE-OCUPA&#8217;T. (6 sessions)<\/p>\n<p>Els&nbsp;packs&nbsp;s&#8217;abonaran \u00edntegrament com a m\u00ednim 12 hores abans de la primera sessi\u00f3, o el 50% abans de la primera sessi\u00f3 i la resta abans de la 3 sessi\u00f3. El pagament es realitzar\u00e0 per&nbsp;PayPal.<\/p>\n<\/div><\/div>\n<div class=\"su-spoiler su-spoiler-style-1\"><div class=\"su-spoiler-title\"><i class=\"moon-arrow-right-2 spoiler-button\"><\/i><i class=\"moon-arrow-down spoiler-button spoiler-active\"><\/i><b>Professionals de la Psicologia<\/b><\/div><div class=\"su-spoiler-content\">\n<p>&#8211; Sessions cl\u00edniques amb els nostres professionals<\/p>\n<p>&#8211;&nbsp;Pack&nbsp;de 4 sessions d&#8217;Habilitats Terap\u00e8utiques<\/p>\n<p>El pagament es realitzar\u00e0 amb un m\u00ednim de 12 hores d&#8217;antelaci\u00f3 a trav\u00e9s de&nbsp;PayPal.<\/p>\n<\/div><\/div>\n<p>Vols m\u00e9s informaci\u00f3? Escriu-nos a info@psicosedna.com o flama al 933.721.216 i t&#8217;informarem!<\/p>\n<div class=\"spacer\" style=\"height:40px\"><\/div>\n<p><a href=\"https:\/\/www.doctoralia.es\/clinicas\/psicosedna-psicologia-logopedia-fisioterapia-i-clinica-del-dolor\"><strong>Reservar cita en Psicologia d&#8217;Adults:<\/strong> Psicosedna, Psicolog\u00eda, Logop\u00e8dia, Fisioter\u00e0pia i Cl\u00ednica del Dolor<\/a><\/p>\n<div class=\"spacer\" style=\"height:40px\"><\/div>\n<div class=\"column column-1-3\">\n<div class=\"su-note\" style=\"background-color:#7bbcd0;border:1px solid #5691a2\"><div class=\"su-note-shell\" style=\"border:1px solid #b6dae5; color:#2b4851\"> <span style=\"color: #ffffff;\"><a style=\"color: #ffffff;\" href=\"http:\/\/www.psicosedna.com\/cat\/contacts\/\"><strong>Contacta amb Psicosedna <\/strong><\/a><\/span><\/div><\/div>\n<\/div>\n<div class=\"column column-1-3 column-last\">\n<\/div><div class=\"clear\"><\/div>\n","protected":false},"excerpt":{"rendered":"<p>Ter\u00e0pia on-line A Psicosedna&nbsp;tenim molt en compte que de vegades als nostres\/as usuaris\/as els \u00e9s complicat despla\u00e7ar-se per poder dur a terme les sessions de ter\u00e0pia desitjades. Per aix\u00f2 oferim als nostres\/as usuaris\/as i tamb\u00e9 a altres\/as professionals diferents opcions: Vols m\u00e9s informaci\u00f3? Escriu-nos a info@psicosedna.com o flama al 933.721.216 i t&#8217;informarem! Reservar cita en [&hellip;]<\/p>\n","protected":false},"author":2,"featured_media":0,"parent":0,"menu_order":0,"comment_status":"open","ping_status":"open","template":"page-left-sidebar.php","meta":[],"_links":{"self":[{"href":"http:\/\/www.psicosedna.com\/cat\/wp-json\/wp\/v2\/pages\/5228"}],"collection":[{"href":"http:\/\/www.psicosedna.com\/cat\/wp-json\/wp\/v2\/pages"}],"about":[{"href":"http:\/\/www.psicosedna.com\/cat\/wp-json\/wp\/v2\/types\/page"}],"author":[{"embeddable":true,"href":"http:\/\/www.psicosedna.com\/cat\/wp-json\/wp\/v2\/users\/2"}],"replies":[{"embeddable":true,"href":"http:\/\/www.psicosedna.com\/cat\/wp-json\/wp\/v2\/comments?post=5228"}],"version-history":[{"count":6,"href":"http:\/\/www.psicosedna.com\/cat\/wp-json\/wp\/v2\/pages\/5228\/revisions"}],"predecessor-version":[{"id":5651,"href":"http:\/\/www.psicosedna.com\/cat\/wp-json\/wp\/v2\/pages\/5228\/revisions\/5651"}],"wp:attachment":[{"href":"http:\/\/www.psicosedna.com\/cat\/wp-json\/wp\/v2\/media?parent=5228"}],"curies":[{"name":"wp","href":"https:\/\/api.w.org\/{rel}","templated":true}]}}