{"id":5286,"date":"2018-09-01T17:54:13","date_gmt":"2018-09-01T17:54:13","guid":{"rendered":"http:\/\/www.psicosedna.com\/cat\/?page_id=5286"},"modified":"2018-09-01T17:54:44","modified_gmt":"2018-09-01T17:54:44","slug":"avaluacions-infantils","status":"publish","type":"page","link":"http:\/\/www.psicosedna.com\/cat\/avaluacions-infantils\/","title":{"rendered":"Avaluacions Infantils"},"content":{"rendered":"<div class=\"spacer\" style=\"height:40px\"><\/div>\n<div class=\"heading-wrapper\"><h6><span class=\"heading-line-left\"><\/span><strong>AVALUACIONS INFANTILS<\/strong><span class=\"heading-line-right\"><\/span><\/h6><\/div>\n<p>Cada cas s&#8217;ha d&#8217;avaluar de forma individual, \u00e9s molt important realitzar un diagn\u00f2stic diferencial que s&#8217;adapti a les condicions individuals del nen o nena.<\/p>\n<div class=\"heading-wrapper\"><h6><span class=\"heading-line-left\"><\/span><strong>Avaluaci\u00f3\u00a0de Disl\u00e8xia\/Discalculia<\/strong><span class=\"heading-line-right\"><\/span><\/h6><\/div><em>\u00a0a partir dels 9 anys<\/em><\/p>\n<p>Es diagnostica a trav\u00e9s d&#8217;una avaluaci\u00f3 de lectoescriptura o c\u00e0lcul i una avaluaci\u00f3 psicol\u00f2gica, tenint en compte el diagn\u00f2stic diferencial amb altres dificultats on els problemes de lectoescriptura siguin conseq\u00fc\u00e8ncia directa. (D\u00e8ficit cognitiu, problemes emocionals,\u00a0TDAH, etc.)<\/p>\n<div class=\"heading-wrapper\"><h6><span class=\"heading-line-left\"><\/span><strong>Avaluaci\u00f3\u00a0de Disortografia\/Disgrafia<\/strong><span class=\"heading-line-right\"><\/span><\/h6><\/div><em>\u00a0a partir dels 7 anys<\/em><\/p>\n<p>Es realitza una avaluaci\u00f3 de la lectoescriptura per determinar si existeix aquest tipus de dificultat.<\/p>\n<div class=\"heading-wrapper\"><h6><span class=\"heading-line-left\"><\/span><strong>Avaluaci\u00f3\u00a0de la Parla i el Llenguatge<\/strong><span class=\"heading-line-right\"><\/span><\/h6><\/div><em>\u00a0a partir dels 3 anys<\/em><\/p>\n<p>S&#8217;avaluen possibles trastorns com:\u00a0Disf\u00e0sia, Af\u00e0sia, retard en el llenguatge, retard en la parla,\u00a0dislalies,\u00a0disgl\u00f2ssies,\u00a0dis\u00e0rtries,\u00a0disf\u00e8mia, etc.<\/p>\n<div class=\"heading-wrapper\"><h6><span class=\"heading-line-left\"><\/span><strong>Avaluaci\u00f3 TDAH\/TDA<\/strong><span class=\"heading-line-right\"><\/span><\/h6><\/div><em>\u00a0a partir dels 7 anys<\/em><\/p>\n<p>S&#8217;avalua principalment si les caracter\u00edstiques del nen\/a compleixen amb el diagn\u00f2stic de\u00a0TDAH\/TDA: Hiperactivitat,\u00a0Impulsivitat i\/o d\u00e8ficit d&#8217;atenci\u00f3 en els diferents contextos (escola i casa principalment).<\/p>\n<div class=\"heading-wrapper\"><h6><span class=\"heading-line-left\"><\/span><strong>Avaluaci\u00f3 Emocional<\/strong><span class=\"heading-line-right\"><\/span><\/h6><\/div>\n<ul>\n<li><strong>Trastorn Depressiu:<\/strong>\u00a0<em>a partir dels 7 anys.\u00a0<\/em>S&#8217;avaluen si els s\u00edmptomes del nen\/a o adolescent compleixen els criteris d&#8217;aquest trastorn, que comprenen principalment la disf\u00f2ria i l&#8217;autoestima negativa.<\/li>\n<li><strong>Trastorn d&#8217;Ansietat:\u00a0<\/strong><em>a partir dels 9 anys. S&#8217;avaluen els criteris del Trastorn d&#8217;Ansietat analitzant el tipus tenint en compte l&#8217;edat, l&#8217;etiologia i les conseq\u00fc\u00e8ncies.<\/em><\/li>\n<\/ul>\n<p>&nbsp;<\/p>\n<div class=\"heading-wrapper\"><h6><span class=\"heading-line-left\"><\/span><strong>Avaluaci\u00f3 de la Capacitat Cognitiva<\/strong><span class=\"heading-line-right\"><\/span><\/h6><\/div>\n<p>S&#8217;avalua el nivell intel\u00b7lectual i capacitats m\u00e9s generals com la comprensi\u00f3 verbal i el Raonament perceptiu. Tamb\u00e9 les habilitats de processament cognitiu com la mem\u00f2ria de treball i la velocitat de processament.<\/p>\n<div class=\"column column-1-2\">\n<div class=\"su-note\" style=\"background-color:#757575;border:1px solid #525252\"><div class=\"su-note-shell\" style=\"border:1px solid #b3b3b3; color:#292929\">\u00a0<a title=\"Contacta amb Psicosedna\" href=\"http:\/\/www.psicosedna.com\/cat\/contacts\/\"><span style=\"color: #ffffff;\"><strong>Contacta amb Psicosedna\u00a0<\/strong><\/span><\/a><\/div><\/div>\n<\/div>\n<div class=\"column column-1-2 column-last\">\n<\/div><div class=\"clear\"><\/div>\n","protected":false},"excerpt":{"rendered":"<p>Cada cas s&#8217;ha d&#8217;avaluar de forma individual, \u00e9s molt important realitzar un diagn\u00f2stic diferencial que s&#8217;adapti a les condicions individuals del nen o nena. \u00a0a partir dels 9 anys Es diagnostica a trav\u00e9s d&#8217;una avaluaci\u00f3 de lectoescriptura o c\u00e0lcul i una avaluaci\u00f3 psicol\u00f2gica, tenint en compte el diagn\u00f2stic diferencial amb altres dificultats on els problemes [&hellip;]<\/p>\n","protected":false},"author":2,"featured_media":0,"parent":0,"menu_order":0,"comment_status":"open","ping_status":"open","template":"page-left-sidebar.php","meta":[],"_links":{"self":[{"href":"http:\/\/www.psicosedna.com\/cat\/wp-json\/wp\/v2\/pages\/5286"}],"collection":[{"href":"http:\/\/www.psicosedna.com\/cat\/wp-json\/wp\/v2\/pages"}],"about":[{"href":"http:\/\/www.psicosedna.com\/cat\/wp-json\/wp\/v2\/types\/page"}],"author":[{"embeddable":true,"href":"http:\/\/www.psicosedna.com\/cat\/wp-json\/wp\/v2\/users\/2"}],"replies":[{"embeddable":true,"href":"http:\/\/www.psicosedna.com\/cat\/wp-json\/wp\/v2\/comments?post=5286"}],"version-history":[{"count":2,"href":"http:\/\/www.psicosedna.com\/cat\/wp-json\/wp\/v2\/pages\/5286\/revisions"}],"predecessor-version":[{"id":5288,"href":"http:\/\/www.psicosedna.com\/cat\/wp-json\/wp\/v2\/pages\/5286\/revisions\/5288"}],"wp:attachment":[{"href":"http:\/\/www.psicosedna.com\/cat\/wp-json\/wp\/v2\/media?parent=5286"}],"curies":[{"name":"wp","href":"https:\/\/api.w.org\/{rel}","templated":true}]}}