{"id":5544,"date":"2021-12-06T10:52:48","date_gmt":"2021-12-06T10:52:48","guid":{"rendered":"http:\/\/www.psicosedna.com\/cat\/?page_id=5544"},"modified":"2025-03-20T09:03:19","modified_gmt":"2025-03-20T09:03:19","slug":"analisi-clinica","status":"publish","type":"page","link":"http:\/\/www.psicosedna.com\/cat\/analisi-clinica\/","title":{"rendered":"An\u00e0lisi Cl\u00ednica"},"content":{"rendered":"<div class=\"spacer\" style=\"height:40px\"><\/div>\n<h1><span style=\"color: #6cb5cb;\">Infermeria i an\u00e0lisi cl\u00ednica<\/span><\/h1>\n<div class=\"spacer\" style=\"height:40px\"><\/div>\n<p><strong>INFERMERIA<\/strong><\/p>\n<p>Serveis d&#8217;infermeria:<\/p>\n<ul>\n<li>Control de tensi\u00f3<\/li>\n<li>Control de sucre<\/li>\n<li>Control de pes<\/li>\n<li>Cures de ferides*<\/li>\n<li>Retirada de punts o grapes*<\/li>\n<li>Administraci\u00f3 d&#8217;inyectables\u00a0 (el pacient ha d&#8217;aportar els medicaments i la pauta m\u00e8dica)*<\/li>\n<\/ul>\n<div class=\"spacer\" style=\"height:20px\"><\/div>\n<p>* Aquests serveis tamb\u00e9 est\u00e0n inclossos a Divina Pastora, Nueva Mutua Sanitaria i Mutuacat.<\/p>\n<div class=\"spacer\" style=\"height:20px\"><\/div>\n<div class=\"su-spoiler su-spoiler-style-1\"><div class=\"su-spoiler-title\"><i class=\"moon-arrow-right-2 spoiler-button\"><\/i><i class=\"moon-arrow-down spoiler-button spoiler-active\"><\/i>INFERMERIA A DOMICILI<\/div><div class=\"su-spoiler-content\">\n<ul>\n<li>Control de Constants Vitals (TA, saturaci\u00f3 oxigen, gluc\u00e8mia etc.)<\/li>\n<li>Preparaci\u00f3 i control de medicaci\u00f3.<\/li>\n<li>Administraci\u00f3 d&#8217;injectables (heparina, insulina, tractaments de fertilitat, etc.)<\/li>\n<li>Cures postoperat\u00f2ries, pal\u00b7liatius i persones dependents.<\/li>\n<li>Cures simples i complexes (\u00falceres per pressi\u00f3, ostomies etc.)<\/li>\n<li>Canvi de sondes<\/li>\n<li>Col\u00b7locaci\u00f3 d&#8217;\u00e8nemes<\/li>\n<li>Retirada de punts o grapes.<\/li>\n<li>Acompanyament (hospitalitzaci\u00f3, visites m\u00e8diques etc.)<\/li>\n<li>Anal\u00edtiques<\/li>\n<\/ul>\n<div class=\"spacer\" style=\"height:20px\"><\/div>\n<p>Per sol\u00b7licitar aquest servei truca o env\u00eda un whatsaap al 677175274<\/p>\n<\/div><\/div>\n<div class=\"spacer\" style=\"height:20px\"><\/div>\n<p><strong>AN\u00c0LISI CL\u00cdNICA<\/strong><\/p>\n<p>A la Cl\u00ednica Psicosedna tenim un espai d&#8217;extracci\u00f3 de mostres. Vine a fer-te les teves anal\u00edtiques amb nosaltres!<\/p>\n<p>Realitzem tot tipus d&#8217;an\u00e0lisi de sang, orina, femta etc.<\/p>\n<p>Pots consultar els nostres preus privats contactant amb nosaltres o consultar si treballem amb la teva m\u00fatua sanit\u00e0ria:<\/p>\n<p>Divina Pastora<\/p>\n<p>Occident<\/p>\n<p>Fiatc<\/p>\n<p>Vital Seguro<\/p>\n<p>Mutuacat<\/p>\n<p>Nueva Mutua Sanitaria<\/p>\n<p>Agrupaci\u00f3 M\u00fatua<\/p>\n<p>ASEFA<\/p>\n<p>AXA<\/p>\n<p>HNA<\/p>\n<p>Mutua General de Catalunya<\/p>\n<p>ASSSA<\/p>\n<p>Previsora General<\/p>\n<p>Montep\u00edo Girona<\/p>\n<div class=\"spacer\" style=\"height:20px\"><\/div>\n<div class=\"su-spoiler su-spoiler-style-1\"><div class=\"su-spoiler-title\"><i class=\"moon-arrow-right-2 spoiler-button\"><\/i><i class=\"moon-arrow-down spoiler-button spoiler-active\"><\/i>PCR-COVID19<\/div><div class=\"su-spoiler-content\">\n<p>Es realitza un mitjan\u00e7ant un exsudat nasofaringi. Els resultats es lliuren en un termini de\u00a024 hores.<\/p>\n<\/div><\/div>\n<div class=\"su-spoiler su-spoiler-style-1\"><div class=\"su-spoiler-title\"><i class=\"moon-arrow-right-2 spoiler-button\"><\/i><i class=\"moon-arrow-down spoiler-button spoiler-active\"><\/i>Serologia COVID19<\/div><div class=\"su-spoiler-content\">\n<p>Permet con\u00e8ixer la <strong>inmunitat\u00a0<\/strong>del pacient davant el COVID-19, a partir d&#8217;un recompte quantitatiu d&#8217;anticossos generats despr\u00e9s de la vacunaci\u00f3 o haver contret el virus anteriorment. Els resultats s&#8217;entreguen en un termini de 24 hores.<\/p>\n<\/div><\/div>\n<p>A m\u00e9s, a continuaci\u00f3 et detallem algunes de les proves espec\u00edfiques que realitzem en col\u00b7laboraci\u00f3 amb el laboratori Echevarne.<\/p>\n<div class=\"su-spoiler su-spoiler-style-1\"><div class=\"su-spoiler-title\"><i class=\"moon-arrow-right-2 spoiler-button\"><\/i><i class=\"moon-arrow-down spoiler-button spoiler-active\"><\/i>Test Prenatal no invasiu<\/div><div class=\"su-spoiler-content\">\n<p>El <strong>Test Prenatal No invasiu<\/strong> consisteix en una an\u00e0lisi de sang de la mare per a detectar anomalies del fetus, disminuint la necessitat de realitzar una\u00a0amniocentesis\u00a0i els possibles riscos que aquesta prova comporta.<\/p>\n<p>No \u00e9s necessari venir en dej\u00fa. Es recomana ingerir aliment 30 minuts abans de l&#8217;an\u00e0lisi.<\/p>\n<ol>\n<li>\u00bfQui pot realitzar-se el Test Prenatal No invasiu?<\/li>\n<\/ol>\n<p>Aquesta prova est\u00e0 indicada per a <strong>dones embarassades<\/strong> de qualsevol edat a partir de la setmana 9 de embar\u00e0s.<\/p>\n<p>En les seg\u00fcents situacions:<\/p>\n<ul>\n<li>Embar\u00e0s \u00fanic o de bessons<\/li>\n<li>Embarassos per Fecundaci\u00f3 in vitro<\/li>\n<li>Embar\u00e0s per donaci\u00f3 d\u2019\u00f2vuls<\/li>\n<li>Bess\u00f3 evanescent (Bess\u00f3 desaparegut)<\/li>\n<\/ul>\n<p>\u00c9s important que es consulti sempre amb el seu ginec\u00f2leg\/a.<\/p>\n<ol start=\"2\">\n<li>\u00bfQue detecta?<\/li>\n<\/ol>\n<ul>\n<li>Trisomies 21, 18 y 13<\/li>\n<li>Triplo\u00efdia<\/li>\n<li>Sexe fetal<\/li>\n<\/ul>\n<p>Al Test Prenatal Plus:<\/p>\n<ul>\n<li>Aneuploid\u00edes Cromosomes Sexuals<\/li>\n<li>Microdeleci\u00f3 22q11.2.<\/li>\n<\/ul>\n<p>Al Test Prenatal Ampliat es detecta tamb\u00e9:<\/p>\n<ul>\n<li><strong>Panel Microdelecions<\/strong>(S. DiGeorge, Prader-Willi, Angelman, Cri-Du.Chat, Monosom\u00eda 1P36)<\/li>\n<\/ul>\n<div class=\"spacer\" style=\"height:20px\"><\/div>\n<ol start=\"3\">\n<li>Entrega i interpretaci\u00f3 de resultats<\/li>\n<\/ol>\n<p>Termini de entrega 8 dies laborables.<\/p>\n<p>Interpretaci\u00f3 de resultats:<\/p>\n<p><strong>BAIXA PROBABILITAT:\u00a0<\/strong>Confirma en un 99% la probabilitat de que el fetus no presenti les s\u00edndromes analitzades. Per\u00f2, no descarta la possibilitat d\u2019afectaci\u00f3 cromos\u00f2mica fetal.<\/p>\n<p><strong>ALTA PROBABILITAT:\u00a0<\/strong>Per confirmar un resultat d\u2019ALT RISC \u00e9s necess\u00e0ria la realitzaci\u00f3 d\u2019una prova diagn\u00f2stica definitiva en el l\u00edquid amni\u00f2tic. \u00c9s important que consulti els resultats amb el seu ginec\u00f2leg\/a.<\/p>\n<\/div><\/div>\n<div class=\"su-spoiler su-spoiler-style-1\"><div class=\"su-spoiler-title\"><i class=\"moon-arrow-right-2 spoiler-button\"><\/i><i class=\"moon-arrow-down spoiler-button spoiler-active\"><\/i>DAO<\/div><div class=\"su-spoiler-content\">\n<p>\u00c9s un test d&#8217;an\u00e0lisi cl\u00ednica que permet mesurar els nivells d&#8217;activitat funcional de la\u00a0DiAminoOxidasa\u00a0(DAO).\u00a0DAO\u00a0\u00e9s l&#8217;enzim responsable de\u00a0metabolitzar\u00a0la histamina procedent dels aliments en l&#8217;intest\u00ed. L&#8217;activitat redu\u00efda d&#8217;aquest enzim produeix una acumulaci\u00f3 d&#8217;histamina que pot provocar efectes adversos com a problemes intestinals, cutanis i migranya.<\/p>\n<p>Termini de entrega 9 dies laborables.<\/p>\n<\/div><\/div>\n<div class=\"su-spoiler su-spoiler-style-1\"><div class=\"su-spoiler-title\"><i class=\"moon-arrow-right-2 spoiler-button\"><\/i><i class=\"moon-arrow-down spoiler-button spoiler-active\"><\/i>Test de Intoler\u00e0ncia Gen\u00e8tica a la Lactosa i la Fructosa<\/div><div class=\"su-spoiler-content\">\n<p>L&#8217;activitat de la lactasa (l&#8217;enzim que\u00a0metabolitza\u00a0la lactosa) disminueix amb l&#8217;edat, per la qual cosa un 75% de la poblaci\u00f3 adulta presenta <strong>intoler\u00e0ncia a la lactosa<\/strong> d&#8217;origen primari o gen\u00e8tic. Aquest tipus d&#8217;intoler\u00e0ncia prim\u00e0ria sol donar-se al llarg de la vida i t\u00e9 una causa gen\u00e8tica. Les persones amb aquesta intoler\u00e0ncia van notant com la ingesta de llet els causa cada vegada m\u00e9s s\u00edmptomes.<br \/>\nLa <strong>intoler\u00e0ncia heredit\u00e0ria a la fructosa<\/strong> \u00e9s una malaltia metab\u00f2lica causada per mutacions en el gen Aldolasa B (ALDOB). Aquestes mutacions provoquen una acumulaci\u00f3 de fructosa i una disminuci\u00f3 de glucosa, indispensables per a moltes funcions cel\u00b7lulars. Quan un beb\u00e8 comen\u00e7a a ingerir fruites\u00a0o verdures, la sacarosa es degrada i allibera fructosa i glucosa. Si la fructosa no pot ser metabolitzada adequadament, comen\u00e7a a acumular-se en les c\u00e8l\u00b7lules, causant els s\u00edmptomes r\u00e0pids d&#8217;intoler\u00e0ncia com a v\u00f2mits,\u00a0letargia\u00a0o deshidrataci\u00f3.<br \/>\nExisteixen altres proves, com el test de l&#8217;al\u00e8, que detecten tamb\u00e9 les intoler\u00e0ncies aliment\u00e0ries d&#8217;origen secundari (conseq\u00fc\u00e8ncia d&#8217;un mal funcionament intestinal), per\u00f2 aquestes ofereixen una sensibilitat i especificitat inferior, sobretot en nens (entre un 5% i un 20% de marge d&#8217;error).<\/p>\n<p>Termini de entrega 8 dies laborables.<\/p>\n<\/div><\/div>\n<div class=\"su-spoiler su-spoiler-style-1\"><div class=\"su-spoiler-title\"><i class=\"moon-arrow-right-2 spoiler-button\"><\/i><i class=\"moon-arrow-down spoiler-button spoiler-active\"><\/i>Test de Intoler\u00e0ncia Aliment\u00e0ria 200<\/div><div class=\"su-spoiler-content\">\n<p>El Test Intoler\u00e0ncia Aliment\u00e0ria 200 permet con\u00e8ixer al pacient el nivell de sensibilitzaci\u00f3 davant diferents aliments i additius alimentaris analitzats.<\/p>\n<p>Aquesta prova d\u2019intoler\u00e0ncia aliment\u00e0ria determina la <strong>pres\u00e8ncia d\u2019anticossos igG <\/strong>mitjan\u00e7ant d\u2019un senzill an\u00e0lisi de sang.<\/p>\n<p>Aquesta prova d\u2019hipersensibilitat aliment\u00e0ria est\u00e0 destinada a:<\/p>\n<ul>\n<li>Persones que despr\u00e9s d\u2019ingerir certs aliments presenten s\u00edmptomes digestius, gastrointestinals, problemes dermatol\u00f2gics o inflamaci\u00f3.<\/li>\n<li>Persones que presenten algun grau de sensibilitat davant a diferents aliments, per\u00f2 en ocasions resulta indetectable si no es realitzen un an\u00e0lisi espec\u00edfic.<\/li>\n<li>Aquest test NO es v\u00e0lid per al diagn\u00f2stic de: Intoler\u00e0ncia a la lactosa\/Celiaquia\/Problemes d\u2019al\u00b7l\u00e8rgia.<\/li>\n<\/ul>\n<p>Termini d\u2019entrega: 12 dies laborables. (Pot patir variacions).<\/p>\n<\/div><\/div>\n<div class=\"su-spoiler su-spoiler-style-1\"><div class=\"su-spoiler-title\"><i class=\"moon-arrow-right-2 spoiler-button\"><\/i><i class=\"moon-arrow-down spoiler-button spoiler-active\"><\/i>Nutrichip\u00ae<\/div><div class=\"su-spoiler-content\">\n<p>NutriChip\u00ae es un test que permet con\u00e8ixer la predisposici\u00f3 gen\u00e8tica a la obesitat, aix\u00ed com l\u2019impacte dels macronutrients i del exercici en el pes corporal. Serveix per a millorar la alimentaci\u00f3 i personalitzar els plans nutricionals de manera mes efica\u00e7 i saludable, ja que resumeix les necessitats diet\u00e8tiques i de la activitat f\u00edsica de cada persona. Resulta un complement molt \u00fatil en els plans per aprimar-se o de manteniment del pes corporal, amb la fi d\u2019aconseguir uns h\u00e0bits de vida saludable.<\/p>\n<p>Est\u00e0 dirigit a:<\/p>\n<ul>\n<li>Persones que vulguin perdre pes d\u2019una manera m\u00e9s efica\u00e7 i saludable.<\/li>\n<li>Persones que vulguin millorar els seus h\u00e0bits de vida i benestar.<\/li>\n<li>El test se\u2019l pot realitzar qualsevol persona a qualsevol edat. El perfil gen\u00e8tic no canvia al llarg de la vida.<\/li>\n<\/ul>\n<p>Termini d\u2019entrega: 20-30 dies laborables.<\/p>\n<\/div><\/div>\n<div class=\"su-spoiler su-spoiler-style-1\"><div class=\"su-spoiler-title\"><i class=\"moon-arrow-right-2 spoiler-button\"><\/i><i class=\"moon-arrow-down spoiler-button spoiler-active\"><\/i>Test Gen\u00e8tic de Rendiment Esportiu: SportChip \u00ae<\/div><div class=\"su-spoiler-content\">\n<p>SportChip es un test gen\u00e8tic orientat al <strong>rendiment esportiu<\/strong> que es realitza a trav\u00e9s d\u2019una mostra de sang o saliva.<\/p>\n<p>Proporciona la informaci\u00f3 necess\u00e0ria per saber quin tipus d\u2019entrenament i pautes nutricionals poden der les m\u00e9s adequades per aconseguir les metes que cadasc\u00fa s\u2019imposi a nivell esportiu.<\/p>\n<p>Est\u00e0 dirigit a:<\/p>\n<ul>\n<li>Persones esportistes<\/li>\n<li>Persones amb h\u00e0bits de vida saludables que vulguin millorar i\/o mantenir la forma.<\/li>\n<\/ul>\n<p>Termini d\u2019entrega: 23 dies laborables.<\/p>\n<\/div><\/div>\n<p>L\u2019horari per a la realitzaci\u00f3 d\u2019aquestes proves \u00e9s: dimarts-dimecres-dijous de 8h a 10h. S&#8217;ha de reservar cita pr\u00e8via.<\/p>\n<div class=\"spacer\" style=\"height:40px\"><\/div>\n<p><a href=\"https:\/\/www.doctoralia.es\/clinicas\/psicosedna-psicologia-logopedia-fisioterapia-i-clinica-del-dolor\"><strong>Reservar cita en el Servei d&#8217;Infermeria i\/o An\u00e1lisi cl\u00ednica:<\/strong> Psicosedna, Psicolog\u00eda, Logop\u00e8dia, Fisioter\u00e0pia i Cl\u00ednica del Dolor<\/a><\/p>\n<div class=\"spacer\" style=\"height:40px\"><\/div>\n<div class=\"column column-1-3\">\n<div class=\"su-note\" style=\"background-color:#7bbcd0;border:1px solid #5691a2\"><div class=\"su-note-shell\" style=\"border:1px solid #b6dae5; color:#2b4851\"> <a href=\"http:\/\/www.psicosedna.com\/cat\/contacts\/\"><strong><span style=\"color: #ffffff;\">Contacta amb Psicosedna<\/span> <\/strong><\/a><\/div><\/div>\n<\/div>\n<div class=\"column column-1-3 column-last\">\n<\/div><div class=\"clear\"><\/div>\n","protected":false},"excerpt":{"rendered":"<p>Infermeria i an\u00e0lisi cl\u00ednica INFERMERIA Serveis d&#8217;infermeria: Control de tensi\u00f3 Control de sucre Control de pes Cures de ferides* Retirada de punts o grapes* Administraci\u00f3 d&#8217;inyectables\u00a0 (el pacient ha d&#8217;aportar els medicaments i la pauta m\u00e8dica)* * Aquests serveis tamb\u00e9 est\u00e0n inclossos a Divina Pastora, Nueva Mutua Sanitaria i Mutuacat. AN\u00c0LISI CL\u00cdNICA A la Cl\u00ednica [&hellip;]<\/p>\n","protected":false},"author":2,"featured_media":0,"parent":0,"menu_order":0,"comment_status":"open","ping_status":"open","template":"page-left-sidebar.php","meta":[],"_links":{"self":[{"href":"http:\/\/www.psicosedna.com\/cat\/wp-json\/wp\/v2\/pages\/5544"}],"collection":[{"href":"http:\/\/www.psicosedna.com\/cat\/wp-json\/wp\/v2\/pages"}],"about":[{"href":"http:\/\/www.psicosedna.com\/cat\/wp-json\/wp\/v2\/types\/page"}],"author":[{"embeddable":true,"href":"http:\/\/www.psicosedna.com\/cat\/wp-json\/wp\/v2\/users\/2"}],"replies":[{"embeddable":true,"href":"http:\/\/www.psicosedna.com\/cat\/wp-json\/wp\/v2\/comments?post=5544"}],"version-history":[{"count":19,"href":"http:\/\/www.psicosedna.com\/cat\/wp-json\/wp\/v2\/pages\/5544\/revisions"}],"predecessor-version":[{"id":5832,"href":"http:\/\/www.psicosedna.com\/cat\/wp-json\/wp\/v2\/pages\/5544\/revisions\/5832"}],"wp:attachment":[{"href":"http:\/\/www.psicosedna.com\/cat\/wp-json\/wp\/v2\/media?parent=5544"}],"curies":[{"name":"wp","href":"https:\/\/api.w.org\/{rel}","templated":true}]}}