{"id":5554,"date":"2022-01-19T15:36:48","date_gmt":"2022-01-19T15:36:48","guid":{"rendered":"http:\/\/www.psicosedna.com\/cat\/?page_id=5554"},"modified":"2022-02-14T17:11:00","modified_gmt":"2022-02-14T17:11:00","slug":"preguntes-frequents","status":"publish","type":"page","link":"http:\/\/www.psicosedna.com\/cat\/preguntes-frequents\/","title":{"rendered":"Preguntes freq\u00fcents"},"content":{"rendered":"<div class=\"spacer\" style=\"height:40px\"><\/div>\n<h1><span style=\"color: #6cb5cb;\">Preguntes freq\u00fcents <\/span><\/h1>\n<div class=\"spacer\" style=\"height:40px\"><\/div>\n<div class=\"heading-wrapper\"><h6><span class=\"heading-line-left\"><\/span><strong>Ter\u00e0pia Psicol\u00f2gica<\/strong><span class=\"heading-line-right\"><\/span><\/h6><\/div>\n<div class=\"spacer\" style=\"height:40px\"><\/div>\n<div class=\"su-spoiler su-spoiler-style-1\"><div class=\"su-spoiler-title\"><i class=\"moon-arrow-right-2 spoiler-button\"><\/i><i class=\"moon-arrow-down spoiler-button spoiler-active\"><\/i><strong>\u00bfQuan acudir al\/la psic\u00f2leg\/a?<\/strong><\/div><div class=\"su-spoiler-content\">\n<p>Acudir al\/la psic\u00f2leg\/a haur\u00eda de ser conseq\u00fc\u00e8ncia directa de la cerca de millorar la nostra qualitat de vida i del nostre entorn.<\/p>\n<\/div><\/div>\n<div class=\"su-spoiler su-spoiler-style-1\"><div class=\"su-spoiler-title\"><i class=\"moon-arrow-right-2 spoiler-button\"><\/i><i class=\"moon-arrow-down spoiler-button spoiler-active\"><\/i><strong>Beneficis o, perqu\u00e8 serveix acudir al\/la psic\u00f2leg\/a?<\/strong><\/div><div class=\"su-spoiler-content\">\n<p>Per a aprendre eines per a resoldre conflictes, modificar creencies limitants, identificar i analitzar conductes que pode bloquejar-nos o generar-nos molt malestar.<\/p>\n<p>Acompanyar-nos en el autoconeixement, potenciant les nostres habilitats i acceptant les nostres febleses i la nostra vulnerabilitat.<\/p>\n<p>Aprendre a gestionar millor les nostres emocions i habilitats socials com per exemple a comunicar-nos millor.<\/p>\n<p>Tractar patologies mentals per augmentar la qualitat de vida i aceptar la realitat.<\/p>\n<\/div><\/div>\n<div class=\"su-spoiler su-spoiler-style-1\"><div class=\"su-spoiler-title\"><i class=\"moon-arrow-right-2 spoiler-button\"><\/i><i class=\"moon-arrow-down spoiler-button spoiler-active\"><\/i><strong>\u00bfPorqu\u00e8 de vegades no funciona la ter\u00e0pia psicol\u00f2gica?<\/strong><\/div><div class=\"su-spoiler-content\">\n<p>El m\u00e9s important \u00e9s saber que la ter\u00e0pia psicol\u00f2gica i la psicologia en si, no \u00e9s m\u00e0gia ni les persones que ens dediquem a aix\u00f2 tenim poders especials.<\/p>\n<p>Pot dependre de diversos factors, humans, tant per part del\/la psicolog@ com per part del\/la pacient, del vincle de tots dos, del moment de la realitzaci\u00f3 de la ter\u00e0pia, del que va ocorrent fora de ter\u00e0pia, de les expectatives no realistes&#8230;<\/p>\n<p>Sempre \u00e9s important si no funciona revisar que succeeix, per\u00f2 parlem de realitat no de fantasia per tant a vegades no aconseguim els objectius, a vegades ens rendim per\u00f2 aprenem i acceptem aix\u00f2 ja \u00e9s un avan\u00e7.<\/p>\n<\/div><\/div>\n<div class=\"su-spoiler su-spoiler-style-1\"><div class=\"su-spoiler-title\"><i class=\"moon-arrow-right-2 spoiler-button\"><\/i><i class=\"moon-arrow-down spoiler-button spoiler-active\"><\/i><strong>\u00bf\u00c9s el mateix un\/a psic\u00f2leg\/a que un\/a psicoterapeuta?<\/strong><\/div><div class=\"su-spoiler-content\">\n<p>No \u00e9s el mateix, la formaci\u00f3 d&#8217;un o una\u00a0psicolog@\u00a0\u00e9s una formaci\u00f3 reglada revisada per un col\u00b7legi professional que revisa i acompanya. Un Psicoterapeuta pot tenir major o menor formaci\u00f3, per\u00f2 no est\u00e0 regulada. Aix\u00f2 no vol dir que la formaci\u00f3 del Psicoterapeuta no sigui m\u00e9s o menys adequada per\u00f2 \u00e9s dif\u00edcil validar-la si no hi ha una regulaci\u00f3.<\/p>\n<p>Les habilitats terap\u00e8utiques personals poden ser les mateixes m\u00e9s o menys per\u00f2 la formaci\u00f3 varia.<\/p>\n<p>Des de Cl\u00ednica Psicosedna considerem que per a fer un tractament, avaluaci\u00f3 o seguiment psicol\u00f2gic ha de fer-lo un o una psicolog@. Despr\u00e9s hi ha moltes \u201cter\u00e0pies\u201d alternatives que potser no dubtem que puguin servir per a altres coses.<\/p>\n<\/div><\/div>\n<div class=\"su-spoiler su-spoiler-style-1\"><div class=\"su-spoiler-title\"><i class=\"moon-arrow-right-2 spoiler-button\"><\/i><i class=\"moon-arrow-down spoiler-button spoiler-active\"><\/i><strong>Que em trobar\u00e9 quan arribi a consulta?<\/strong><\/div><div class=\"su-spoiler-content\">\n<p>En Cl\u00ednica\u00a0Psicosedna\u00a0et trobar\u00e0s a una persona formada en el Servei que hagis sol\u00b7licitat per a atendre la teva demanda. En el cas de la Psicologia et trobessis una sala habilitada per al tractament on busquem la teva comoditat f\u00edsica i un o una professional que compleixi les caracter\u00edstiques de formaci\u00f3, especialitzaci\u00f3, empatia i proximitat suficient per a acompanyar-te en el proc\u00e9s que vinguis a fer.<\/p>\n<\/div><\/div>\n<div class=\"su-spoiler su-spoiler-style-1\"><div class=\"su-spoiler-title\"><i class=\"moon-arrow-right-2 spoiler-button\"><\/i><i class=\"moon-arrow-down spoiler-button spoiler-active\"><\/i><strong>Quan veur\u00e9 els resultats?<\/strong><\/div><div class=\"su-spoiler-content\">\n<p>Com explicava abans no es tracta de m\u00e0gia, ni de trucs per a aconseguir efectes r\u00e0pids. Es tracta de canviar h\u00e0bits, sobretot de pensament, de reeducar creences que poden ser limitants per a nosotr@s, d&#8217;autocon\u00e8ixer-se i connectar amb aix\u00f2. Aix\u00ed que els resultats no seran immediats per\u00f2 si tindr\u00e0s o haur\u00e0s de tenir la sensaci\u00f3 que aquest \u00e9s el cam\u00ed.<\/p>\n<p>El proc\u00e9s terap\u00e8utic no \u00e9s lineal i hi ha moments que es tor\u00e7a o que va cap endarrere i no significa que no estigui anant b\u00e9. T\u00e9 a veure amb la nostra condici\u00f3 d&#8217;\u00e9ssers humans vulnerables.<\/p>\n<\/div><\/div>\n<div class=\"su-spoiler su-spoiler-style-1\"><div class=\"su-spoiler-title\"><i class=\"moon-arrow-right-2 spoiler-button\"><\/i><i class=\"moon-arrow-down spoiler-button spoiler-active\"><\/i><strong>Amb quina freq\u00fc\u00e8ncia haig d'anar a ter\u00e0pia?<\/strong><\/div><div class=\"su-spoiler-content\">\n<p>Anir\u00e0 en funci\u00f3 de la demanda i del criteri de l&#8217;o de la professional ja que varia en funci\u00f3 del que es treballa. Aix\u00f2 no significa que hagis d&#8217;acatar el que et proposem. Nosaltres en funci\u00f3 del nostre criteri professional proposarem una assidu\u00eftat que podr\u00e0s rebutjar en funci\u00f3 d&#8217;altres variables.<\/p>\n<p>Normalment l&#8217;inici \u00e9s una vegada per setmana i en funci\u00f3 del tema i els progressos es va espaiant a 15 dies, 3 setmanes&#8230;<\/p>\n<\/div><\/div>\n<div class=\"su-spoiler su-spoiler-style-1\"><div class=\"su-spoiler-title\"><i class=\"moon-arrow-right-2 spoiler-button\"><\/i><i class=\"moon-arrow-down spoiler-button spoiler-active\"><\/i><strong>Tot el que parlem en ter\u00e0pia \u00e9s confidencial?<\/strong><\/div><div class=\"su-spoiler-content\">\n<p>Per descomptat \u00e9s el teu espai en tots els sentits, on has de sentir-te c\u00f2mode per a expressar el que sigui des de la tranquil\u00b7litat de no ser jutjat\/da, de sentir-te ent\u00e8s\/a i acompanyat\/da.<\/p>\n<p>Nom\u00e9s hi ha dues premisses on el o la Psic\u00f2leg\/a pot trencar el secret professional: una quan professionalment es consideri que el pacient tingui risc d&#8217;atemptar contra la seva pr\u00f2pia vida. La segona quan es consideri risc d&#8217;atemptar contra la vida d&#8217;una altra persona o la confessi\u00f3 d&#8217;haver-ho fet.<\/p>\n<\/div><\/div>\n<div class=\"spacer\" style=\"height:40px\"><\/div>\n<div class=\"heading-wrapper\"><h6><span class=\"heading-line-left\"><\/span><strong><strong>Infermeria i An\u00e0lisi Cl\u00ednica<\/strong><\/strong><span class=\"heading-line-right\"><\/span><\/h6><\/div>\n<div class=\"spacer\" style=\"height:40px\"><\/div>\n<div class=\"su-spoiler su-spoiler-style-1\"><div class=\"su-spoiler-title\"><i class=\"moon-arrow-right-2 spoiler-button\"><\/i><i class=\"moon-arrow-down spoiler-button spoiler-active\"><\/i><strong>Quins tipus de proves serol\u00f2giques hi ha per a la COVID?<\/strong><\/div><div class=\"su-spoiler-content\">\n<ol>\n<li>Serologia\u00a0IGG: amb aquesta prova se sap si hi ha anticossos del virus a trav\u00e9s d&#8217;una mostra de sang, ja sigui per contagi del virus o per vacunaci\u00f3.<\/li>\n<li>Serologia Immunitat Cel\u00b7lular: tamb\u00e9 amb una mostra de sang podrem saber si el\/la pacient ha passat el virus s&#8217;hagi vacunat o no.<\/li>\n<\/ol>\n<\/div><\/div>\n<div class=\"su-spoiler su-spoiler-style-1\"><div class=\"su-spoiler-title\"><i class=\"moon-arrow-right-2 spoiler-button\"><\/i><i class=\"moon-arrow-down spoiler-button spoiler-active\"><\/i><strong>Puc beure aigua abans d'una anal\u00edtica?<\/strong><\/div><div class=\"su-spoiler-content\">\n<p>Si, per\u00f2 amb moderaci\u00f3. La prova s&#8217;ha de realitzar amb un dejuni de m\u00ednim 6 hores.<\/p>\n<\/div><\/div>\n<div class=\"su-spoiler su-spoiler-style-1\"><div class=\"su-spoiler-title\"><i class=\"moon-arrow-right-2 spoiler-button\"><\/i><i class=\"moon-arrow-down spoiler-button spoiler-active\"><\/i><strong>No tinc assaguran\u00e7a de salut, Puc demanar cita en Cl\u00ednica Psicosedna?<\/strong><\/div><div class=\"su-spoiler-content\">\n<p>Si, en la nostra cl\u00ednica oferim la realitzaci\u00f3 de proves de diagn\u00f2stic a qualsevol pacient, encara que no tingui segur de salut. Pots demanar cita amb la nostra doctora per a fer una petici\u00f3 d&#8217;anal\u00edtica que s&#8217;ajusti al que necessitis o portar-nos la petici\u00f3 i et direm el preu segons els par\u00e0metres que necessitis.<\/p>\n<\/div><\/div>\n<div class=\"su-spoiler su-spoiler-style-1\"><div class=\"su-spoiler-title\"><i class=\"moon-arrow-right-2 spoiler-button\"><\/i><i class=\"moon-arrow-down spoiler-button spoiler-active\"><\/i><strong>Haig de posar-me di\u00e0riament heparina subcut\u00e0nia, per\u00f2 no em veig capa\u00e7 de fer-ho jo sol@ puc anar al vostre centre per a la seva administraci\u00f3?<\/strong><\/div><div class=\"su-spoiler-content\">\n<p>Si, en la nostra cl\u00ednica realitzem tot tipus d&#8217;injectables, mitjan\u00e7ant prescripci\u00f3 m\u00e8dica i proporcionada pel pacient.<\/p>\n<\/div><\/div>\n<div class=\"su-spoiler su-spoiler-style-1\"><div class=\"su-spoiler-title\"><i class=\"moon-arrow-right-2 spoiler-button\"><\/i><i class=\"moon-arrow-down spoiler-button spoiler-active\"><\/i><strong>En qu\u00e8 consisteix el Test d'intoler\u00e0ncia aliment\u00e0ria 200?<\/strong><\/div><div class=\"su-spoiler-content\">\n<p>El Test Intoler\u00e0ncia Aliment\u00e0ria 200 permet esbrinar al pacient el nivell de sensibilitzaci\u00f3 enfront de diferents aliments i additius alimentaris analitzats. Aquesta prova determina la\u00a0pres\u00e8ncia d&#8217;anticossos\u00a0igG\u00a0a trav\u00e9s d&#8217;una senzilla an\u00e0lisi de sang.<\/p>\n<\/div><\/div>\n<div class=\"su-spoiler su-spoiler-style-1\"><div class=\"su-spoiler-title\"><i class=\"moon-arrow-right-2 spoiler-button\"><\/i><i class=\"moon-arrow-down spoiler-button spoiler-active\"><\/i><strong>Per a quins pacients resulta \u00fatil el test d'intoler\u00e0ncia aliment\u00e0ria 200?<\/strong><\/div><div class=\"su-spoiler-content\">\n<p>Aquesta prova d&#8217;hipersensibilitat aliment\u00e0ria est\u00e0 destinada a:<\/p>\n<ul>\n<li>Persones que despr\u00e9s d&#8217;ingerir uns certs aliments presenten s\u00edmptomes digestius, gastrointestinals, problemes dermatol\u00f2gics o inflamaci\u00f3.<\/li>\n<li>Persones que presenten algun grau de sensibilitat enfront de diferents aliments, per\u00f2 a vegades resulta indetectable si no se sotmeten a una an\u00e0lisi espec\u00edfica.<\/li>\n<li>Aquest test NO \u00e9s v\u00e0lid per al diagn\u00f2stic de: Intoler\u00e0ncia a la lactosa\/ Celiaquia\/ Problemes d&#8217;al\u00b7l\u00e8rgia.<\/li>\n<\/ul>\n<p><span style=\"font-size: revert; color: initial;\"><\/div><\/div><\/span><\/p>\n<div class=\"spacer\" style=\"height:40px\"><\/div>\n<p><a class=\"zl-facility-url\" href=\"https:\/\/www.doctoralia.es\/clinicas\/psicosedna-psicologia-logopedia-fisioterapia-i-clinica-del-dolor\" rel=\"nofollow\" data-zlw-facility=\"psicosedna-psicologia-logopedia-fisioterapia-i-clinica-del-dolor\" data-zlw-type=\"facility-big-with-saas-only\" data-zlw-saas-only=\"true\"><strong>Reserva Cita de Psicolog\u00eda d&#8217;adults:<\/strong> Psicosedna, Psicolog\u00eda, Logop\u00e8dia, Fisioter\u00e0pia i Cl\u00ednica del Dolor<\/a><script>\/\/ <![CDATA[\n!function($_x,_s,id){var js,fjs=$_x.getElementsByTagName(_s)[0];if(!$_x.getElementById(id)){js = $_x.createElement(_s);js.id = id;js.src = \"\/\/platform.docplanner.com\/js\/widget.js\";fjs.parentNode.insertBefore(js,fjs);}}(document,\"script\",\"zl-widget-s\");<br \/>\n\/\/ ]]><\/script><br \/>\n<div class=\"spacer\" style=\"height:40px\"><\/div>\n<div class=\"column column-1-2\">\n<div class=\"su-note\" style=\"background-color:#7bbcd0;border:1px solid #5691a2\"><div class=\"su-note-shell\" style=\"border:1px solid #b6dae5; color:#2b4851\"> <a title=\"Contacta amb Psicosedna\" href=\"http:\/\/www.psicosedna.com\/cat\/contacts\/\"><span style=\"color: #ffffff;\"><strong>Contacta amb Psicosedna <\/strong><\/span><\/a> <\/div><\/div>\n<\/div>\n<div class=\"column column-1-2 column-last\">\n<\/div><div class=\"clear\"><\/div>\n","protected":false},"excerpt":{"rendered":"<p>Preguntes freq\u00fcents Reserva Cita de Psicolog\u00eda d&#8217;adults: Psicosedna, Psicolog\u00eda, Logop\u00e8dia, Fisioter\u00e0pia i Cl\u00ednica del Dolor<\/p>\n","protected":false},"author":2,"featured_media":0,"parent":0,"menu_order":0,"comment_status":"closed","ping_status":"closed","template":"page-left-sidebar.php","meta":[],"_links":{"self":[{"href":"http:\/\/www.psicosedna.com\/cat\/wp-json\/wp\/v2\/pages\/5554"}],"collection":[{"href":"http:\/\/www.psicosedna.com\/cat\/wp-json\/wp\/v2\/pages"}],"about":[{"href":"http:\/\/www.psicosedna.com\/cat\/wp-json\/wp\/v2\/types\/page"}],"author":[{"embeddable":true,"href":"http:\/\/www.psicosedna.com\/cat\/wp-json\/wp\/v2\/users\/2"}],"replies":[{"embeddable":true,"href":"http:\/\/www.psicosedna.com\/cat\/wp-json\/wp\/v2\/comments?post=5554"}],"version-history":[{"count":4,"href":"http:\/\/www.psicosedna.com\/cat\/wp-json\/wp\/v2\/pages\/5554\/revisions"}],"predecessor-version":[{"id":5706,"href":"http:\/\/www.psicosedna.com\/cat\/wp-json\/wp\/v2\/pages\/5554\/revisions\/5706"}],"wp:attachment":[{"href":"http:\/\/www.psicosedna.com\/cat\/wp-json\/wp\/v2\/media?parent=5554"}],"curies":[{"name":"wp","href":"https:\/\/api.w.org\/{rel}","templated":true}]}}