{"id":5652,"date":"2022-01-24T17:13:28","date_gmt":"2022-01-24T17:13:28","guid":{"rendered":"http:\/\/www.psicosedna.com\/cat\/?page_id=5652"},"modified":"2022-01-24T17:14:49","modified_gmt":"2022-01-24T17:14:49","slug":"psicologia-infantojuvenil","status":"publish","type":"page","link":"http:\/\/www.psicosedna.com\/cat\/psicologia-infantojuvenil\/","title":{"rendered":"Psicologia Infantojuvenil"},"content":{"rendered":"<div class=\"spacer\" style=\"height:40px\"><\/div>\n<h1><span style=\"color: #6cb5cb;\">Psicologia Infantojuvenil<\/span><\/h1>\n<div class=\"spacer\" style=\"height:40px\"><\/div>\n<p>Perqu\u00e8 la inf\u00e0ncia \u00e9s l&#8217;etapa a la qual es construeixen els fonaments del nostre desenvolupament, creiem que \u00e9s essencial prestar especial atenci\u00f3 a aquests primers anys de vida per facilitar el millor desenvolupament psicol\u00f2gic i emocional del menor.<\/p>\n<p>Com ho fem? A PSICOSEDNA, primer analitzem i avaluem les dificultats del nen\/a segons el motiu de consulta. Despr\u00e9s establim uns objectius individualitzats per a cada nen\/a i proposem una intervenci\u00f3 adequada.<\/p>\n<p>Hi ha canvis o situacions en la vida d&#8217;un nen que poden afectar a la seva salut psicol\u00f2gica. Aix\u00f2 ho podem percebre perqu\u00e8 el veiem m\u00e9s ansi\u00f3s, trist o poreg\u00f3s que habitualment o observem canvis en el seu comportament o en la seva forma de relacionar-se mostrant-se m\u00e9s retret o agressiu. Sovint el nen\/a no sap explicar el que li passa i aix\u00f2 es veu reflectit \u00fanicament en problemes de comportament.<\/p>\n<p><strong><a href=\"http:\/\/www.psicosedna.com\/cat\/avaluacions-infantils\/\">DIAGN\u00d2STIC INFANTIL<\/a><\/strong><\/p>\n<div class=\"su-spoiler su-spoiler-style-1\"><div class=\"su-spoiler-title\"><i class=\"moon-arrow-right-2 spoiler-button\"><\/i><i class=\"moon-arrow-down spoiler-button spoiler-active\"><\/i><strong>Detecci\u00f3 Preco\u00e7<\/strong><\/div><div class=\"su-spoiler-content\">\n<strong>Definici\u00f3:<\/strong> Identificaci\u00f3 d&#8217;una defici\u00e8ncia f\u00edsica, ps\u00edquica o sensorial, o la constataci\u00f3 de la simptomatologia que la fa presumible, en el moment m\u00e9s proper a aquell en qu\u00e8 la defici\u00e8ncia es manifesta, amb l&#8217;objectiu d&#8217;adoptar totes les mesures preventives o terap\u00e8utiques necess\u00e0ries.<\/p>\n<p><strong>Justificaci\u00f3:<\/strong> L&#8217;inter\u00e8s per la identificaci\u00f3 primerenca radica en l&#8217;evid\u00e8ncia acumulada durant els \u00faltims anys, que estableix que una detecci\u00f3 i posterior intervenci\u00f3 primerenca espec\u00edfica, personalitzada per al nen i la seva fam\u00edlia, condueix a una millora en el pron\u00f2stic de la majoria dels nens amb algun tipus de trastorn en el desenvolupament (autisme,&nbsp;o altres) o discapacitat (discapacitat auditiva,&nbsp;o altres.).<br \/>\nA m\u00e9s, el per\u00edode que transcorre des de les primeres sospites fins al diagn\u00f2stic del cas provoca angoixa, incertesa i desorientaci\u00f3 per a les fam\u00edlies; de manera que tot all\u00f2 que proporcioni a la fam\u00edlia els suports necessaris va a reduir not\u00f2riament l&#8217;estr\u00e8s i el sofriment familiar i va a ajudar a planificar els serveis comunitaris requerits posteriorment.<br \/>\nMalgrat ser molt desitjable i necess\u00e0ria la detecci\u00f3 primerenca, en la pr\u00e0ctica resulta summament dif\u00edcil, i a molt pocs nens\/as amb sospita d&#8217;algun trastorn del desenvolupament o discapacitat se&#8217;ls deriva a serveis especialitzats abans dels 3 anys d&#8217;edat.<br \/>\nLes barreres que provoquen aquest reconeixement tard\u00e0 es troben als diferents canals de detecci\u00f3: \u00e0mbit familiar, \u00e0mbit sanitari, etc. I majorit\u00e0riament en tots aquests \u00e0mbits les causes que provoquen aquestes barreres per a la detecci\u00f3 es resumeixen en una manca de la informaci\u00f3 i la formaci\u00f3 necess\u00e0ria.<\/p>\n<p><strong>Objectiu:<\/strong> Oferir una formaci\u00f3 per a la detecci\u00f3 preco\u00e7 de les defici\u00e8ncies del nounat i del nen en atenci\u00f3 primerenca que pret\u00e9n ressaltar alguns factors de risc i els signes d&#8217;alarma que pares i professionals han de tenir en compte.<\/p>\n<p><strong>Poblaci\u00f3 objecte:<\/strong><\/p>\n<p>&#8211; \u00c0mbit familiar: Pares primerencs i pares experts.<br \/>\n&#8211; \u00c0mbit sanitari: pediatres i altres professionals de l&#8217;atenci\u00f3 prim\u00e0ria.<br \/>\n&#8211; \u00c0mbit educatiu: educadors infantils del cicle 0 a 3 anys.<br \/>\n&#8211; Serveis socials: professionals del departament de benestar social i fam\u00edlia.<\/p>\n<p><strong>Caracter\u00edstiques del Servei:<\/strong> Oferir espais de col\u2022loqui i debat amb la finalitat d&#8217;informar i formar a pares i professionals dels diferents \u00e0mbits anteriorment esmentats aix\u00ed com crear eines de divulgaci\u00f3 amb l&#8217;objectiu de sensibilitzar sobre la import\u00e0ncia de la detecci\u00f3 preco\u00e7.<\/p>\n<\/div><\/div>\n<div class=\"su-spoiler su-spoiler-style-1\"><div class=\"su-spoiler-title\"><i class=\"moon-arrow-right-2 spoiler-button\"><\/i><i class=\"moon-arrow-down spoiler-button spoiler-active\"><\/i><strong>Metodologia Psicologia Infantil<\/strong><\/div><div class=\"su-spoiler-content\">\n<p>A Psicosedna oferim un espai personal on el\/la nen\/a se senti c\u00f2mode, escoltat, valorat i tingui un lloc on pugui expressar lliurement all\u00f2 que li preocupa. De manera din\u00e0mica i l\u00fadica intentem donar-li al nen\/a estrat\u00e8gies necess\u00e0ries per fer front a les dificultats que va tenint en el seu dia a dia.<\/p>\n<p>Alhora, tamb\u00e9 oferim un espai als pares on els hi donem pautes, recursos i eines perqu\u00e8 s\u00e0piguen controlar millor les situacions di\u00e0ries. A m\u00e9s, tamb\u00e9 treballem de manera coordinada amb altres professionals tant de l&#8217;educaci\u00f3 (col\u00b7legis, esplais, etc.) com de la salut (psiquiatres, metges, etc.).<\/p>\n<\/div><\/div>\n<div class=\"su-spoiler su-spoiler-style-1\"><div class=\"su-spoiler-title\"><i class=\"moon-arrow-right-2 spoiler-button\"><\/i><i class=\"moon-arrow-down spoiler-button spoiler-active\"><\/i><strong>Motius de consulta Psicologia Infantil<\/strong><\/div><div class=\"su-spoiler-content\">\n<p>Aquests s\u00f3n alguns dels motius de consulta:<\/p>\n<ul>\n<li>Problemes de conducta i rabietes constants (baix autocontrol, conductes agressives, etc.)<\/li>\n<li>Baixa autoestima i inseguretat.<\/li>\n<li>Baixes habilitats socials a l&#8217;hora de relacionar-se amb els altres.<\/li>\n<li>Comportament inhibit i dificultat per expressar emocions.<\/li>\n<li>Problemes en l&#8217;estat d&#8217;\u00e0nim: ansietat i\/o depressi\u00f3.<\/li>\n<li>Pors, f\u00f2bies, gelosia.<\/li>\n<li>Problemes del somni i\/o a l&#8217;hora de menjar.<\/li>\n<li>Dificultat en control d&#8217;esf\u00ednters (enuresis i\/o encopresis).<\/li>\n<li>Sota rendiment escolar i\/o baixa motivaci\u00f3 escolar.<\/li>\n<li>Trastorns del desenvolupament (Trastorns de l&#8217;Espectre Autista, S\u00edndrome de Asperger, Trastorn General del Desenvolupament, etc.)<\/li>\n<li>Trastorn per d\u00e8ficit d&#8217;atenci\u00f3 i hiperactivitat i impulsividad (TDAH).<\/li>\n<li>Assessorament a pares i mares sobre com gestionar les diferents dificultats que presenta el seu fill\/a.<\/li>\n<li style=\"list-style-type: none;\"><\/li>\n<\/ul>\n<\/div><\/div>\n<div class=\"su-spoiler su-spoiler-style-1\"><div class=\"su-spoiler-title\"><i class=\"moon-arrow-right-2 spoiler-button\"><\/i><i class=\"moon-arrow-down spoiler-button spoiler-active\"><\/i><strong>Metodologia Psicologia Adolescent<\/strong><\/div><div class=\"su-spoiler-content\">\n<p>A Psicosedna ens centrem en treballar tant amb l&#8217;adolescent, com amb tots els membres que interaccionen en l&#8217;entorn familiar, educatiu i social. Oferint estrat\u00e8gies i habilitats que ajudin a l&#8217;adolescent a superar les dificultats que presenta i oferint tamb\u00e9 pautes d&#8217;actuaci\u00f3 a familiars i educadors que ajudin a millorar el comportament del jove tant a casa com en el col\u2022legi.<\/p>\n<\/div><\/div>\n<div class=\"su-spoiler su-spoiler-style-1\"><div class=\"su-spoiler-title\"><i class=\"moon-arrow-right-2 spoiler-button\"><\/i><i class=\"moon-arrow-down spoiler-button spoiler-active\"><\/i><strong>Motius de consulta Psicologia Adolescente<\/strong><\/div><div class=\"su-spoiler-content\">\n<ul>\n<li>Trastorns del comportament: agressivitat, desobedi\u00e8ncia, impulsivitat, rebequeries&#8230;<\/li>\n<li>Trastorns de l&#8217;estat d&#8217;\u00e0nim: tristesa, depressi\u00f3 infantil, baixa autoestima, proc\u00e9s de dol o p\u00e8rdua.<\/li>\n<li>Trastorns d&#8217;ansietat: ansietat per separaci\u00f3, afrontament de separacions i divorcis, inseguretats, pors, tics.<\/li>\n<li>Trastorns generalitzats del desenvolupament (TGD).<\/li>\n<li>Retards en el desenvolupament general.<\/li>\n<li>Atenci\u00f3 a nens amb discapacitat.<\/li>\n<li>Dificultats de relaci\u00f3 i adaptaci\u00f3: falta d&#8217;habilitats socials.<\/li>\n<li>Problemes d&#8217;h\u00e0bits: alteracions del somni, h\u00e0bits d&#8217;higiene personal, dificultats en el control d&#8217;esf\u00ednters.<\/li>\n<li>Assetjament escolar: Bullying.<\/li>\n<li>Resoluci\u00f3 de conflictes familiars.<\/li>\n<li>Acompanyament en el proc\u00e9s d&#8217;adopci\u00f3.<\/li>\n<li>Assessorament als pares i pautes educatives.<\/li>\n<li>Assessorament a pares de fills amb discapacitat o amb altres trastorns generalitzats del desenvolupament.<\/li>\n<\/ul>\n<\/div><\/div>\n<div class=\"spacer\" style=\"height:40px\"><\/div>\n<div class=\"column column-1-2\">\n<div class=\"su-note\" style=\"background-color:#7bbcd0;border:1px solid #5691a2\"><div class=\"su-note-shell\" style=\"border:1px solid #b6dae5; color:#2b4851\"> <a title=\"Contacta amb Psicosedna\" href=\"http:\/\/www.psicosedna.com\/cat\/contacts\/\"><span style=\"color: #ffffff;\"><strong>Contacta amb Psicosedna <\/strong><\/span><\/a> <\/div><\/div>\n<\/div>\n<div class=\"column column-1-2 column-last\">\n<\/div><div class=\"clear\"><\/div>\n","protected":false},"excerpt":{"rendered":"<p>Psicologia Infantojuvenil Perqu\u00e8 la inf\u00e0ncia \u00e9s l&#8217;etapa a la qual es construeixen els fonaments del nostre desenvolupament, creiem que \u00e9s essencial prestar especial atenci\u00f3 a aquests primers anys de vida per facilitar el millor desenvolupament psicol\u00f2gic i emocional del menor. Com ho fem? A PSICOSEDNA, primer analitzem i avaluem les dificultats del nen\/a segons el [&hellip;]<\/p>\n","protected":false},"author":2,"featured_media":0,"parent":0,"menu_order":0,"comment_status":"closed","ping_status":"closed","template":"page-left-sidebar.php","meta":[],"_links":{"self":[{"href":"http:\/\/www.psicosedna.com\/cat\/wp-json\/wp\/v2\/pages\/5652"}],"collection":[{"href":"http:\/\/www.psicosedna.com\/cat\/wp-json\/wp\/v2\/pages"}],"about":[{"href":"http:\/\/www.psicosedna.com\/cat\/wp-json\/wp\/v2\/types\/page"}],"author":[{"embeddable":true,"href":"http:\/\/www.psicosedna.com\/cat\/wp-json\/wp\/v2\/users\/2"}],"replies":[{"embeddable":true,"href":"http:\/\/www.psicosedna.com\/cat\/wp-json\/wp\/v2\/comments?post=5652"}],"version-history":[{"count":3,"href":"http:\/\/www.psicosedna.com\/cat\/wp-json\/wp\/v2\/pages\/5652\/revisions"}],"predecessor-version":[{"id":5657,"href":"http:\/\/www.psicosedna.com\/cat\/wp-json\/wp\/v2\/pages\/5652\/revisions\/5657"}],"wp:attachment":[{"href":"http:\/\/www.psicosedna.com\/cat\/wp-json\/wp\/v2\/media?parent=5652"}],"curies":[{"name":"wp","href":"https:\/\/api.w.org\/{rel}","templated":true}]}}